In base 7, what is -63666624 + 3?
-63666621
In base 7, what is 10 + -50115351?
-50115341
In base 2, what is 1010110111110 + 1110111110?
1100101111100
In base 8, what is -15400 - 200671?
-216271
In base 6, what is -1044052 - -312?
-1043340
In base 7, what is -206043614 + 4?
-206043610
In base 7, what is -5 - 405165654?
-405165662
In base 6, what is 525 + 204?
1133
In base 7, what is -11135 + -221634?
-233102
In base 3, what is -1010211210 + 100202022?
-210002111
In base 14, what is -4c433 + 3c?
-4c3d5
In base 4, what is -233201130 - -2212?
-233132312
In base 7, what is -213051 + 1346?
-211402
In base 5, what is -24143 - 1244130?
-1323323
In base 11, what is 27 - 26469?
-26442
In base 14, what is 388 - 18166?
-17bbc
In base 16, what is 6be - 352d?
-2e6f
In base 15, what is -3 + b22548?
b22545
In base 16, what is bd - 1e79?
-1dbc
In base 3, what is 12 - 20021121001000?
-20021121000211
In base 9, what is 301880831 - -3?
301880834
In base 8, what is 151 + 3561666?
3562037
In base 13, what is 1334 - 75c1?
-628a
In base 12, what is -16b4 + 60404?
5a910
In base 5, what is 10422 + -20002132?
-14441210
In base 7, what is -2631 + -6222341?
-6225302
In base 2, what is 1100111 - -1000011100101010?
1000011110010001
In base 9, what is -400 + 370173?
368673
In base 7, what is 6352 + -132530?
-123145
In base 11, what is 3 - -25344830?
25344833
In base 6, what is 10554 - -2235105?
2250103
In base 8, what is -4 - -15276464?
15276460
In base 12, what is 2268 - 5165?
-2ab9
In base 15, what is 5586 + 50?
55d6
In base 14, what is -1b2 + -144d5?
-146a7
In base 6, what is 200204325131 - -1?
200204325132
In base 3, what is -10120222200 + -2110102?
-10200110002
In base 6, what is 1303 + -35552211?
-35550504
In base 8, what is 6 - -26272370?
26272376
In base 16, what is -ca8e + -5f6?
-d084
In base 15, what is 0 + -13c7174?
-13c7174
In base 9, what is -58403 - 2504?
-62007
In base 2, what is -110010100100011010011110110 + 11?
-110010100100011010011110011
In base 13, what is -7 + 71906a?
719063
In base 13, what is -39c - 2376?
-2745
In base 14, what is -9 + 2829a63?
2829a58
In base 11, what is 5322088 + 3?
5322090
In base 10, what is -1448381 - 55?
-1448436
In base 5, what is 3 - 1220241201?
-1220241143
In base 4, what is 1032210 + -130112?
302032
In base 2, what is 101100111000000001010 + -111?
101100111000000000011
In base 10, what is 2 + 9921627?
9921629
In base 7, what is 4546515263 + 1?
4546515264
In base 11, what is -604514 + -23?
-604537
In base 7, what is -405124 - -1504?
-403320
In base 12, what is 9922b + 221?
99450
In base 13, what is -4a - 8807?
-8854
In base 15, what is -2 - 4a0b0?
-4a0b2
In base 2, what is -1110000100010001010001 - -10?
-1110000100010001001111
In base 7, what is 4 - -36501103?
36501110
In base 9, what is 367 - 75271?
-74803
In base 3, what is -2121002012122 + 10221?
-2121002001201
In base 2, what is -1 - 1100010110010100111010101001?
-1100010110010100111010101010
In base 12, what is -2447 + -26206?
-28651
In base 16, what is -786d - -a31b?
2aae
In base 14, what is -13ba0 + -53?
-13c13
In base 2, what is 1100111100111010100 + -10001?
1100111100111000011
In base 11, what is -2a16325 - -2?
-2a16323
In base 3, what is 101201 + 10110111220?
10110220121
In base 11, what is -140 + -4740496?
-4740626
In base 13, what is -10 - -8935c81?
8935c71
In base 3, what is 22101 - 22011010220?
-22010211112
In base 8, what is -34636 + 423?
-34213
In base 5, what is -141324220343 + 0?
-141324220343
In base 11, what is -46 - 33aa7a3?
-33aa839
In base 5, what is 120 - 132024440?
-132024320
In base 16, what is 188096 + -cb?
187fcb
In base 5, what is 1022311 + -1212?
1021044
In base 8, what is -344503 - -312?
-344171
In base 14, what is 3 + -410203?
-410200
In base 15, what is 364ecd38 - 0?
364ecd38
In base 2, what is -11000100011101011111110101 + -100?
-11000100011101011111111001
In base 12, what is -a5564961 - 3?
-a5564964
In base 4, what is 33001 + 200320003?
201013010
In base 14, what is 9 - -24905?
24910
In base 5, what is 2012343202 + 3?
2012343210
In base 9, what is -3464552 + -68?
-3464631
In base 6, what is -31154122 + -1?
-31154123
In base 16, what is 1cac + 230?
1edc
In base 16, what is -1f3f282 + -9?
-1f3f28b
In base 5, what is 3 + 14404424?
14404432
In base 8, what is 415256 + 374?
415652
In base 15, what is -23a + 58e1?
56a6
In base 6, what is -12050 + 251130?
235040
In base 5, what is 210222220 + 1223?
210223443
In base 6, what is -1014425001 + -2?
-1014425003
In base 7, what is 4 - 502301114?
-502301110
In base 7, what is -401 - 2615215?
-2615616
In base 12, what is 11371b07 - 7?
11371b00
In base 2, what is 100001110100100010110001 + 1001?
100001110100100010111010
In base 16, what is 24 + 8173?
8197
In base 8, what is -2 - 2341141670?
-2341141672
In base 9, what is 807 + -377833?
-377025
In base 7, what is -13640 - -30366?
13426
In base 16, what is -1b7e - -266?
-1918
In base 9, what is -111478260 + -2?
-111478262
In base 12, what is 3 - -531574?
531577
In base 3, what is 10 - -1120110210002?
1120110210012
In base 5, what is 1420 + -100432212?
-100430242
In base 13, what is -7 - -148a50c?
148a505
In base 15, what is -2bc7d1 + 2?
-2bc7ce
In base 15, what is 282a - -1dba?
46e5
In base 9, what is 37 + 1656477?
1656525
In base 11, what is 4 + 7398898?
73988a1
In base 13, what is -a9b182 - 1?
-a9b183
In base 7, what is -11431 + 22216?
10455
In base 2, what is -1010 + 10011010010101101111100101?
10011010010101101111011011
In base 6, what is 54 - 2535143?
-2535045
In base 9, what is -1105810 - 655?
-1106565
In base 4, what is -12210222 - 23002?
-12233230
In base 10, what is 90 + -2209645?
-2209555
In base 2, what is -101111110110001101001 + -100?
-101111110110001101101
In base 8, what is 2372575 + 10?
2372605
In base 5, what is -20203 - 11121012?
-11141220
In base 5, what is 1 + -11041043120?
-11041043114
In base 14, what is 156c54 - 360?
1568d4
In base 10, what is -2811839 - -2?
-2811837
In base 15, what is 56d04 - 268?
56a8b
In base 8, what is -1476750401 + 4?
-1476750375
In base 13, what is -1 - a213119?
-a21311a
In base 3, what is 11100111 + 10112121?
21220002
In base 13, what is 77 - 1910ba?
-191043
In base 3, what is -11 - -1001020222221001?
1001020222220220
In base 8, what is 12 - 146563745?
-146563733
In base 3, what is -22 + -1111102011?
-1111102110
In base 7, what is 54504546 + -113?
54504433
In base 10, what is -447981298 + 2?
-447981296
In base 4, what is 11 + -10303310010?
-10303303333
In base 7, what is -40123544 + 22?
-40123522
In base 3, what is -21100110021011011 + -20?
-21100110021011101
In base 5, what is 31 - 13001123?
-13001042
In base 2, what is 10000110001111011 - -10010?
10000110010001101
In base 13, what is 0 + c49580?
c49580
In base 5, what is -1 + 22033130044?
22033130043
In base 9, what is -5 + 80822828?
80822823
In base 16, what is 5085 - 1c8d?
33f8
In base 11, what is 2852824 - -4?
2852828
In base 16, what is 5 - -9e88a6e?
9e88a73
In base 10, what is -137957 - 43?
-138000
In base 9, what is 163 + -3287?
-3124
In base 8, what is 231751 + 62?
232033
In base 9, what is 1 - -2356542?
2356543
In base 4, what is -2001 + 202000?
133333
In base 13, what is 1b + -4082c?
-40811
In base 3, what is 212 - -1122201022?
1122202011
In base 8, what is 0 - -235366041?
235366041
In base 6, what is 1421 + 30222512?
30224333
In base 12, what is 2 + 1b80655a?
1b806560
In base 16, what is -35a02eb - 5?
-35a02f0
In base 7, what is -14643540 - 0?
-14643540
In base 13, what is 1bbc1 + -b?
1bbb3
In base 8, what is -7735 - -43214?
33257
In base 15, what is -72 - -201879?
201807
In base 13, what is 46 + 634214?
63425a
In base 15, what is -278258 + 2b2?
-277e96
In base 9, what is -127763016 - 0?
-127763016
In base 2, what is 1011011101101 - 11110011101?
111101010000
In base 16, what is -f9f - -561?
-a3e
In base 13, what is 2ca67893 + 4?
2ca67897
In base 8, what is -4 + -4636374?
-4636400
In base 12, what is -2206a - -13b?
-21b2b
In base 9, what is -547228 + -24?
-547253
In base 3, what is 1001 + -101020011210121?
-101020011202120
In base 10, what is -54 + -411363?
-411417
In base 7, what is -103622105 - -4?
-103622101
In base 2, what is 1101101 - -10011010101110010100?
10011010110000000001
In base 8, what is 452 - -304106?
304560
In base 6, what is 12 -